t is the greatest common divisor of 11 and k?
11
Let z(q) = -q**2 - 3*q - 3. Let y be z(-5). Let s = y - -19. Calculate the highest common divisor of s and 30.
6
Let a(j) = -218*j - 1. Let i be a(-1). Let o = -118 + i. Suppose -5*c = -44 - 11. What is the greatest common factor of c and o?
11
Let l be -15*1*(-4)/(-6). Let r(b) = -b - 2. Let k be r(l). What is the highest common divisor of 20 and k?
4
Suppose 12 = -3*h - h. Let d be 119 - (h - -5)/(-2). Calculate the greatest common divisor of d and 15.
15
Let c be 1515/45 - 1/(-3). What is the highest common factor of c and 85?
17
Let s = 2 - 0. Suppose s*y + 2*u = -12, 16 = -0*y - 2*y - 3*u. Let j be (-82 - 2)*1/y. What is the highest common factor of 14 and j?
14
Let a be -3 + 6 + -1 + -49. Let z = 58 - a. What is the highest common divisor of 42 and z?
21
Let o = -3 + 10. Let p = o + 2. Let n be (-94)/(-10) - 4*(-1)/(-10). What is the greatest common factor of p and n?
9
Let f = -61 + 226. Calculate the highest common factor of f and 33.
33
Suppose 2*i - 2 = 4*i, 3*i - 17 = -2*w. Calculate the highest common factor of w and 25.
5
Let l = -75 - -76. What is the highest common factor of 7 and l?
1
Suppose -4*o = 5*i - 279, 5*o + 3*i - 375 = 2*i. What is the highest common divisor of 19 and o?
19
Suppose 0 = -2*c - 0*c - 3*z + 9, -z + 1 = 0. Suppose 2*v + 13 = c. Let w = v + 17. What is the greatest common factor of w and 84?
12
Let a = 112 - 61. Calculate the highest common divisor of 34 and a.
17
Let m = -106 + 107. Calculate the greatest common factor of m and 2.
1
Suppose -4*l + x = -5, 0*x - 4 = 4*x. Suppose 3*z = -4*w + 7*z + 40, 4*w = -2*z + 28. What is the greatest common factor of l and w?
1
Suppose 112 = 7*m - 3*m. What is the greatest common factor of 42 and m?
14
Let p = 29 - 14. Calculate the highest common divisor of p and 3.
3
Suppose 0 = 3*x - 7*x + 576. Calculate the highest common factor of 16 and x.
16
Suppose -384 = -12*b + 8*b. What is the greatest common divisor of 12 and b?
12
Let r = -43 + 22. Let j be -1 - 7/(r/(-30)). Let m = -6 - j. Calculate the highest common divisor of m and 55.
5
Let s(y) = 16*y**2 + y + 4. Let w be s(2). Calculate the highest common divisor of 28 and w.
14
Let y be 2/(2/(-21)*-1). Calculate the greatest common divisor of y and 21.
21
Let p = -15 - -31. Suppose 16 = -2*b + 6*b. What is the greatest common divisor of p and b?
4
Suppose 67 = 3*d - 5*f, 2 = -3*f - 13. Let g be ((-10)/(-3))/(d/21). Calculate the greatest common divisor of 35 and g.
5
Suppose -3*i - j + 18 = -5*j, -2*i + 4*j = -12. Calculate the greatest common factor of i and 6.
6
Let f = 329 + -174. Suppose -4*k + 202 = 78. Calculate the greatest common factor of k and f.
31
Let v be 4/20*-9*(-20)/6. What is the greatest common factor of v and 24?
6
Suppose -5*k - 6 = -8*k. Calculate the highest common divisor of 6 and k.
2
Let w = -17 + 85. Calculate the greatest common divisor of w and 102.
34
Let l = 42 + -34. What is the greatest common divisor of l and 4?
4
Let x(b) = b**3 + 6*b**2 + 1. Let i be x(-5). Let v be (4/(-6))/((-8)/12). Let g be ((-2)/(-6))/(v/39). Calculate the greatest common factor of i and g.
13
Suppose -u = -2*u + 3. Suppose 4*t = -5*x + 122, -2*t = u*x - x - 48. Suppose -x = -2*p - 10. Calculate the highest common factor of p and 8.
8
Let m(j) = -j + 2. Suppose 5*u + 74 = w, 3*w + 30 = -2*u - u. Let r be m(u). Calculate the greatest common factor of r and 40.
8
Let q be ((-204)/(-5))/6 - (-2)/10. Let l be -2*(-49)/(-8)*-4. Calculate the highest common divisor of l and q.
7
Suppose 28 - 8 = 2*y. Let i(m) = 6*m - 1. Let u(z) = -4*z + 1. Let s(t) = -5*i(t) - 7*u(t). Let f be s(-2). Calculate the greatest common divisor of f and y.
2
Let g = 11 - 1. Suppose -2*y + 6 = 0, -4 = i - 2*y - 0. Suppose 0 = 4*j - 3*t - 295, -7*j + 2*t = -i*j - 360. What is the greatest common divisor of j and g?
10
Suppose 0*u - 3*u = -3*b + 54, 4*u + 30 = b. Calculate the highest common divisor of 63 and b.
7
Suppose 0 = 3*r + 2*p - 8, -r - 4*p = p - 7. Let o be -24*(r + 75/(-9)). Calculate the greatest common factor of 19 and o.
19
Let s(x) = -19*x - 7. Let r be (-1)/((-12)/14 + 1). Let p be s(r). Let k be (3/(-9))/(1/(-42)). What is the highest common factor of p and k?
14
Let p be (-556)/(-16) + 4/16. Let r(s) = -3*s - 2. Let x be r(-3). What is the greatest common divisor of x and p?
7
Let a be (-2 + 15/6)*38. What is the highest common factor of 76 and a?
19
Suppose x = 69 - 21. Suppose 0*z - 12 = -3*z. Suppose -j + z = v - 3*v, -3*v + 6 = 0. Calculate the highest common divisor of x and j.
8
Suppose 2 + 7 = -3*r. Let g(x) = 18*x**2 - x. Let o be g(r). Let q be (-9)/(-7 + 4) + 12. Calculate the greatest common divisor of o and q.
15
Let f(z) = -2*z**3 + z**2 + 3*z - 7. Let c be f(-5). Suppose -233 + 325 = 4*k. What is the highest common factor of c and k?
23
Let r(w) = w**2 - w. Let k be r(2). What is the highest common divisor of 22 and k?
2
Let u = -15 - -24. Let p = u - 19. Let m = 166 - p. What is the highest common divisor of 16 and m?
16
Let u = 67 + -40. Let g = -10 + 15. Suppose -g*h + 74 = -4*m, 3*h - 8 = 3*m + 34. Calculate the greatest common divisor of h and u.
9
Let w be 15 + 3 - 0/(-2). Let b = 27 - w. Let n(j) = j**3 - 8*j**2 - 9*j + 13. Let t be n(b). Calculate the highest common divisor of t and 52.
13
Let h(k) = 2*k**2 - 3*k + 2. Let o be h(2). Suppose 0 = -w + y + 187, 0*y = 2*w - o*y - 370. What is the highest common divisor of w and 27?
27
Let q be (-162)/(-12) + (-1)/2. Calculate the greatest common divisor of q and 39.
13
Let r(y) = -4*y - 2*y + 5*y - 7*y**2 - 1. Let t be r(-1). Let z = t - -9. Calculate the greatest common divisor of z and 22.
2
Let w(k) = k**3 + 3*k**2 - 9*k - 15. Let j be w(-3). Calculate the highest common divisor of 60 and j.
12
Let l(i) = i**2 - i + 3. Let r be 0/(-7 + 2 + 3). Let h be l(r). Calculate the highest common divisor of 24 and h.
3
Let x be (-1 - -2) + 28 - (23 - 20). What is the highest common factor of 156 and x?
26
Let n = 8 - 5. Suppose -48 = -l + 4*w, n*l - l = -4*w + 48. What is the greatest common divisor of l and 8?
8
Suppose n - 82 - 78 = 0. Calculate the greatest common divisor of n and 32.
32
Let u = 154 + -55. Let b be (-2 - -14)*(-9)/(-12). Calculate the greatest common divisor of u and b.
9
Suppose -4*j + 13 = -3. What is the highest common divisor of 36 and j?
4
Suppose -5*g + 26 = -4*g. Calculate the highest common factor of g and 78.
26
Let d = 30 + -17. Suppose -4*j - 2*b + 160 = -104, 2*j + 3*b - 136 = 0. What is the highest common divisor of j and d?
13
Let l(b) = -2*b**2 + 2*b - 1. Let x be l(2). Let h = x + 45. Calculate the greatest common factor of h and 8.
8
Suppose 3*y - 4 - 2 = 0. Calculate the greatest common factor of y and 5.
1
Let i(z) = -2*z - 8. Let g be i(-6). Suppose -g*r - 81 = -3*p, 2*r - r = -5*p + 135. Calculate the greatest common divisor of 3 and p.
3
Let c(q) = q**3 - 10*q**2 + 11*q + 4. Let l be c(9). Calculate the greatest common divisor of 176 and l.
22
Let g be 9/12*1*4. Suppose 8 = 5*w - g*w. Suppose 2*b + 0*b - 32 = 0. What is the greatest common divisor of b and w?
4
Let f(z) = -z - 2 + z + z. Suppose 0 = 2*x - 4, 4*q + 3*x = 2 + 36. Let l be f(q). What is the greatest common factor of 30 and l?
6
Suppose -5*d = -2*x + 7 - 344, 0 = 5*d + 3*x - 357. Suppose 2 + 0 = n. Suppose -n*k + 92 = 2*k. What is the greatest common factor of d and k?
23
Let l(h) = h + 16. Let o be l(-3). What is the greatest common divisor of o and 104?
13
Let z be (0/(-2))/((-1)/(-1)). Suppose 3*v - 18 - 6 = z. Let c(q) = q**3 - 4*q**2 + 2*q - 6. Let j be c(4). Calculate the greatest common divisor of j and v.
2
Suppose -23 - 13 = -6*y. Calculate the highest common divisor of 162 and y.
6
Suppose 0 = -5*z + 11 - 1. Suppose -2 = 3*o - 2*o. Let f be (2/o)/((-1)/10). What is the highest common factor of z and f?
2
Let j = 7 - 2. Suppose j*m - 39 = 16. Calculate the highest common factor of m and 55.
11
Let x = -4 + 8. Suppose 2*j = 7*j. Let f = 1 + j. What is the highest common factor of f and x?
1
Suppose 0 = -y - y + 4*t + 28, 0 = 3*y - 4*t - 40. Calculate the highest common factor of 6 and y.
6
Let b be 36/(-4)*-1*2. Calculate the highest common divisor of 6 and b.
6
Let n(x) = -2*x + 10. Let u be n(-7